{"id":31,"date":"2022-01-08T10:00:50","date_gmt":"2022-01-08T09:00:50","guid":{"rendered":"http:\/\/marcussen.eu\/skak-dm\/?page_id=31"},"modified":"2022-01-09T11:52:59","modified_gmt":"2022-01-09T10:52:59","slug":"tilmelding","status":"publish","type":"page","link":"http:\/\/skak-dm.dk\/2022\/?page_id=31","title":{"rendered":"Tilmelding"},"content":{"rendered":"\n<p>Tilmelding&nbsp;til DM 2022 sker via DSUs turneringenssystem. <\/p>\n\n\n\n<p>Bem\u00e6rk at der skal v\u00e6lges klasse, hvilket g\u00f8res i feltet gruppe (nederst til h\u00f8jre) i tilmeldingsformularen. Desuden skal der angives email adresse ved tilmelding.<\/p>\n\n\n\n<p>Tilmelding til DM : <a rel=\"noreferrer noopener\" href=\"http:\/\/turnering.skak.dk\/TournamentActive\/Details?tourId=27225\" target=\"_blank\">Klik her for at tilmelde dig.<\/a><\/p>\n\n\n\n<p>Her kan du ogs\u00e5 se hvem der allerede er tilmeldt.<\/p>\n","protected":false},"excerpt":{"rendered":"<p>Tilmelding&nbsp;til DM 2022 sker via DSUs turneringenssystem. Bem\u00e6rk at der skal v\u00e6lges klasse, hvilket g\u00f8res i feltet gruppe (nederst til h\u00f8jre) i tilmeldingsformularen. Desuden skal der angives email adresse ved tilmelding. Tilmelding til DM : Klik her for at tilmelde dig. Her kan du ogs\u00e5 se hvem der allerede er tilmeldt.<\/p>\n","protected":false},"author":1,"featured_media":0,"parent":0,"menu_order":0,"comment_status":"closed","ping_status":"closed","template":"","meta":[],"_links":{"self":[{"href":"http:\/\/skak-dm.dk\/2022\/index.php?rest_route=\/wp\/v2\/pages\/31"}],"collection":[{"href":"http:\/\/skak-dm.dk\/2022\/index.php?rest_route=\/wp\/v2\/pages"}],"about":[{"href":"http:\/\/skak-dm.dk\/2022\/index.php?rest_route=\/wp\/v2\/types\/page"}],"author":[{"embeddable":true,"href":"http:\/\/skak-dm.dk\/2022\/index.php?rest_route=\/wp\/v2\/users\/1"}],"replies":[{"embeddable":true,"href":"http:\/\/skak-dm.dk\/2022\/index.php?rest_route=%2Fwp%2Fv2%2Fcomments&post=31"}],"version-history":[{"count":13,"href":"http:\/\/skak-dm.dk\/2022\/index.php?rest_route=\/wp\/v2\/pages\/31\/revisions"}],"predecessor-version":[{"id":1045,"href":"http:\/\/skak-dm.dk\/2022\/index.php?rest_route=\/wp\/v2\/pages\/31\/revisions\/1045"}],"wp:attachment":[{"href":"http:\/\/skak-dm.dk\/2022\/index.php?rest_route=%2Fwp%2Fv2%2Fmedia&parent=31"}],"curies":[{"name":"wp","href":"https:\/\/api.w.org\/{rel}","templated":true}]}}