{"id":49,"date":"2022-01-08T10:00:35","date_gmt":"2022-01-08T09:00:35","guid":{"rendered":"http:\/\/marcussen.eu\/skak-dm\/?page_id=49"},"modified":"2022-04-17T18:08:50","modified_gmt":"2022-04-17T16:08:50","slug":"live","status":"publish","type":"page","link":"https:\/\/skak-dm.dk\/2022\/?page_id=49","title":{"rendered":"Live"},"content":{"rendered":"\n<p>Alle livepartier vil ogs\u00e5 kunne gennemspilles via <a href=\"https:\/\/lichess.org\/broadcast\/danish-championship-2022--main-group\/round-1\/bkBnILFw\" target=\"_blank\" rel=\"noopener\">DSUs turneringssystem<\/a>.<br> Dette g\u00e6lder dog ikke DM i Lyn (foreg\u00e5r fredag aften)<\/p>\n\n\n\n<p>Landsholdsklassen \u2013 arkiv:<br><a rel=\"noreferrer noopener\" href=\"https:\/\/chess24.com\/en\/watch\/live-tournaments\/danish-championship-2022-masters\/1\/1\/1\" target=\"_blank\">Runde 1<\/a> &#8211; <a rel=\"noreferrer noopener\" href=\"https:\/\/chess24.com\/en\/watch\/live-tournaments\/danish-championship-2022-masters\/2\/1\/1\" target=\"_blank\">Runde 2<\/a> &#8211; <a rel=\"noreferrer noopener\" href=\"https:\/\/chess24.com\/en\/watch\/live-tournaments\/danish-championship-2022-masters\/3\/1\/1\" target=\"_blank\">Runde 3<\/a> &#8211; <a rel=\"noreferrer noopener\" href=\"https:\/\/chess24.com\/en\/watch\/live-tournaments\/danish-championship-2022-masters\/4\/1\/1\" target=\"_blank\">Runde 4<\/a> &#8211; <a rel=\"noreferrer noopener\" href=\"https:\/\/chess24.com\/en\/watch\/live-tournaments\/danish-championship-2022-masters\/5\/1\/1\" target=\"_blank\">Runde 5<\/a> &#8211; <a rel=\"noreferrer noopener\" href=\"https:\/\/chess24.com\/en\/watch\/live-tournaments\/danish-championship-2022-masters\/6\/1\/1\" target=\"_blank\">Runde 6<\/a> &#8211; <a rel=\"noreferrer noopener\" href=\"https:\/\/chess24.com\/en\/watch\/live-tournaments\/danish-championship-2022-masters\/7\/1\/1\" target=\"_blank\">Runde 7<\/a> &#8211; <a rel=\"noreferrer noopener\" href=\"https:\/\/chess24.com\/en\/watch\/live-tournaments\/danish-championship-2022-masters\/8\/1\/1\" target=\"_blank\">Runde 8<\/a> &#8211; <a rel=\"noreferrer noopener\" href=\"https:\/\/chess24.com\/en\/watch\/live-tournaments\/danish-championship-2022-masters\/9\/1\/1\" target=\"_blank\">Runde 9<\/a><\/p>\n\n\n\n<p><strong>Kandidatklassen:<\/strong><br><a href=\"http:\/\/www.liveskak.dk\/DM\/2022\/live2\" target=\"_blank\" rel=\"noopener\">Live<\/a> &#8211; <a href=\"https:\/\/chess24.com\/en\/watch\/live-tournaments\/danish-championship-2022-candidates\/1\/1\/1\" target=\"_blank\" rel=\"noopener\">Live (Chess24)<\/a> &#8211; <a href=\"https:\/\/www.chess.com\/events\/2022-danish-chess-championship-candidate\" target=\"_blank\" rel=\"noopener\">Live (Chess.com)<\/a> &#8211; <a href=\"https:\/\/lichess.org\/broadcast\/danish-championship-2022--candidate-group\/jFhqzKGz\" target=\"_blank\" rel=\"noopener\">Live (Lichess)<\/a><br><br>Kandidatklassen \u2013 arkiv:<br><a rel=\"noreferrer noopener\" href=\"https:\/\/chess24.com\/en\/watch\/live-tournaments\/danish-championship-2022-candidates\/1\/1\/1\" target=\"_blank\">Runde 1<\/a> &#8211; <a rel=\"noreferrer noopener\" href=\"https:\/\/chess24.com\/en\/watch\/live-tournaments\/danish-championship-2022-candidates\/2\/1\/1\" target=\"_blank\">Runde 2<\/a> &#8211; <a rel=\"noreferrer noopener\" href=\"https:\/\/chess24.com\/en\/watch\/live-tournaments\/danish-championship-2022-candidates\/3\/1\/1\" target=\"_blank\">Runde 3<\/a> &#8211; <a rel=\"noreferrer noopener\" href=\"https:\/\/chess24.com\/en\/watch\/live-tournaments\/danish-championship-2022-candidates\/4\/1\/1\" target=\"_blank\">Runde 4<\/a> &#8211; <a rel=\"noreferrer noopener\" href=\"https:\/\/chess24.com\/en\/watch\/live-tournaments\/danish-championship-2022-candidates\/5\/1\/1\" target=\"_blank\">Runde 5<\/a> &#8211; <a rel=\"noreferrer noopener\" href=\"https:\/\/chess24.com\/en\/watch\/live-tournaments\/danish-championship-2022-candidates\/6\/1\/1\" target=\"_blank\">Runde 6<\/a><\/p>\n\n\n\n<p>DM i Lynskak \u2013 arkiv:<br><a href=\"https:\/\/liveskak.dk\/DM\/2022\/lyn\/index-samtligepartier.htm\">Samtlige livepartier<\/a> &#8211; <a href=\"https:\/\/liveskak.dk\/DM\/2022\/lyn\/index-finalegrupper.htm\">Mellemgruppepartier<\/a> &#8211; <a href=\"https:\/\/liveskak.dk\/DM\/2022\/lyn\/index-semifinalepartier.htm\">Semifinalepartier<\/a> . <a href=\"https:\/\/liveskak.dk\/DM\/2022\/lyn\/index-finalepartier.htm\">Finalepartier<\/a><\/p>\n\n\n\n<p><strong>G7:<\/strong><br><a href=\"http:\/\/www.liveskak.dk\/DM\/2022\/live3\" target=\"_blank\" rel=\"noopener\">Live<\/a>  &#8211; <a href=\"https:\/\/www.chess.com\/events\/2022-danish-chess-championship-g7\" target=\"_blank\" rel=\"noopener\">Live (Chess.com)<\/a> &#8211; <a href=\"https:\/\/lichess.org\/broadcast\/danish-championship-2022--g7-group\/2H8U3Drk\" target=\"_blank\" rel=\"noopener\">Live (Lichess)<\/a><br><br>G7 \u2013 arkiv:<br><a rel=\"noreferrer noopener\" href=\"https:\/\/www.liveskak.dk\/DM\/2022\/arkiv\/r1\/G7\" target=\"_blank\">Runde 1<\/a> &#8211; <a rel=\"noreferrer noopener\" href=\"https:\/\/www.liveskak.dk\/DM\/2022\/arkiv\/r2\/G7\" target=\"_blank\">Runde 2<\/a> &#8211; <a rel=\"noreferrer noopener\" href=\"https:\/\/www.liveskak.dk\/DM\/2022\/arkiv\/r3\/G7\" target=\"_blank\">Runde 3<\/a> &#8211; <a rel=\"noreferrer noopener\" href=\"https:\/\/www.liveskak.dk\/DM\/2022\/arkiv\/r4\/G7\" target=\"_blank\">Runde 4<\/a> &#8211; <a rel=\"noreferrer noopener\" href=\"https:\/\/www.liveskak.dk\/DM\/2022\/arkiv\/r5\/G7\" target=\"_blank\">Runde 5<\/a> &#8211; <a rel=\"noreferrer noopener\" href=\"https:\/\/www.liveskak.dk\/DM\/2022\/arkiv\/r6\/G7\" target=\"_blank\">Runde 6<\/a><\/p>\n\n\n\n<p>Kort P\u00e5ske 2 \u2013 arkiv:<br><a rel=\"noreferrer noopener\" href=\"https:\/\/www.liveskak.dk\/DM\/2022\/arkiv\/r1\/KP2\" target=\"_blank\">Runde 1<\/a> &#8211; <a rel=\"noreferrer noopener\" href=\"https:\/\/www.liveskak.dk\/DM\/2022\/arkiv\/r2\/KP2\" target=\"_blank\">Runde 2<\/a> &#8211; <a rel=\"noreferrer noopener\" href=\"https:\/\/www.liveskak.dk\/DM\/2022\/arkiv\/r3\/KP2\" target=\"_blank\">Runde 3<\/a> &#8211; <a rel=\"noreferrer noopener\" href=\"https:\/\/www.liveskak.dk\/DM\/2022\/arkiv\/r4\/KP2\" target=\"_blank\">Runde 4<\/a> &#8211; <a rel=\"noreferrer noopener\" href=\"https:\/\/www.liveskak.dk\/DM\/2022\/arkiv\/r5\/KP2\" target=\"_blank\">Runde 5<\/a><\/p>\n\n\n\n<p><strong>G5-2:<\/strong><br><a href=\"http:\/\/www.liveskak.dk\/DM\/2022\/live4\" target=\"_blank\" rel=\"noreferrer noopener\">Live<\/a><br><br>G5-2 \u2013 arkiv:<br><a rel=\"noreferrer noopener\" href=\"https:\/\/www.liveskak.dk\/DM\/2022\/arkiv\/r1\/G5-2\" target=\"_blank\">Runde 1<\/a> &#8211; <a rel=\"noreferrer noopener\" href=\"https:\/\/www.liveskak.dk\/DM\/2022\/arkiv\/r2\/G5-2\" target=\"_blank\">Runde 2<\/a> &#8211; <a rel=\"noreferrer noopener\" href=\"https:\/\/www.liveskak.dk\/DM\/2022\/arkiv\/r3\/G5-2\" target=\"_blank\">Runde 3<\/a> &#8211; <a rel=\"noreferrer noopener\" href=\"https:\/\/www.liveskak.dk\/DM\/2022\/arkiv\/r4\/G5-2\" target=\"_blank\">Runde 4<\/a><\/p>\n\n\n\n<div class=\"wp-block-group\"><div class=\"wp-block-group__inner-container\">\n<div class=\"wp-block-group\"><div class=\"wp-block-group__inner-container\">\n<p>Kort P\u00e5ske 1 \u2013 arkiv:<br><a rel=\"noreferrer noopener\" href=\"http:\/\/liveskak.dk\/DM\/2022\/arkiv\/r1\/KP1\/\" target=\"_blank\">Runde 1<\/a> &#8211; <a rel=\"noreferrer noopener\" href=\"http:\/\/liveskak.dk\/DM\/2022\/arkiv\/r2\/KP1\/\" target=\"_blank\">Runde 2<\/a> &#8211; <a rel=\"noreferrer noopener\" href=\"http:\/\/liveskak.dk\/DM\/2022\/arkiv\/r3\/KP1\/\" target=\"_blank\">Runde 3<\/a> &#8211; <a rel=\"noreferrer noopener\" href=\"http:\/\/liveskak.dk\/DM\/2022\/arkiv\/r4\/KP1\/\" target=\"_blank\">Runde 4<\/a> &#8211; <a rel=\"noreferrer noopener\" href=\"http:\/\/liveskak.dk\/DM\/2022\/arkiv\/r5\/KP1\/\" target=\"_blank\">Runde 5<\/a><\/p>\n\n\n\n<p>G5-1 \u2013 arkiv:<br><a rel=\"noreferrer noopener\" href=\"http:\/\/liveskak.dk\/DM\/2022\/arkiv\/r1\/G5-1\/\" target=\"_blank\">Runde 1<\/a> &#8211; <a rel=\"noreferrer noopener\" href=\"http:\/\/liveskak.dk\/DM\/2022\/arkiv\/r2\/G5-1\/\" target=\"_blank\">Runde 2<\/a> &#8211; <a rel=\"noreferrer noopener\" href=\"http:\/\/liveskak.dk\/DM\/2022\/arkiv\/r3\/G5-1\/\" target=\"_blank\">Runde 3<\/a> &#8211; <a rel=\"noreferrer noopener\" href=\"http:\/\/liveskak.dk\/DM\/2022\/arkiv\/r4\/G5-1\/\" target=\"_blank\">Runde 4<\/a> &#8211; <a rel=\"noreferrer noopener\" href=\"http:\/\/liveskak.dk\/DM\/2022\/arkiv\/r5\/G5-1\/\" target=\"_blank\">Runde 5<\/a><\/p>\n<\/div><\/div>\n<\/div><\/div>\n\n\n\n<p><strong>Links til PGN-filer<\/strong><br><a href=\"https:\/\/liveskak.dk\/DM\/2022\/KP1\/KP1_samtligepartier.pgn\">Samlet PGN-fil for Kort P\u00e5ske 1<\/a><br><a href=\"https:\/\/liveskak.dk\/DM\/2022\/lyn\/lyn-samtligepartier.pgn\">Samlet PGN-fil for DM i Lynskak (kun live-partierne)<\/a><\/p>\n","protected":false},"excerpt":{"rendered":"<p>Alle livepartier vil ogs\u00e5 kunne gennemspilles via DSUs turneringssystem. Dette g\u00e6lder dog ikke DM i Lyn (foreg\u00e5r fredag aften) Landsholdsklassen \u2013 arkiv:Runde 1 &#8211; Runde 2 &#8211; Runde 3 &#8211; Runde 4 &#8211; Runde 5 &#8211; Runde 6 &#8211; Runde 7 &#8211; Runde 8 &#8211; Runde 9 Kandidatklassen:Live &#8211; Live (Chess24) &#8211; Live (Chess.com) &#8211; [&hellip;]<\/p>\n","protected":false},"author":1,"featured_media":0,"parent":0,"menu_order":0,"comment_status":"closed","ping_status":"closed","template":"","meta":[],"_links":{"self":[{"href":"https:\/\/skak-dm.dk\/2022\/index.php?rest_route=\/wp\/v2\/pages\/49"}],"collection":[{"href":"https:\/\/skak-dm.dk\/2022\/index.php?rest_route=\/wp\/v2\/pages"}],"about":[{"href":"https:\/\/skak-dm.dk\/2022\/index.php?rest_route=\/wp\/v2\/types\/page"}],"author":[{"embeddable":true,"href":"https:\/\/skak-dm.dk\/2022\/index.php?rest_route=\/wp\/v2\/users\/1"}],"replies":[{"embeddable":true,"href":"https:\/\/skak-dm.dk\/2022\/index.php?rest_route=%2Fwp%2Fv2%2Fcomments&post=49"}],"version-history":[{"count":150,"href":"https:\/\/skak-dm.dk\/2022\/index.php?rest_route=\/wp\/v2\/pages\/49\/revisions"}],"predecessor-version":[{"id":1292,"href":"https:\/\/skak-dm.dk\/2022\/index.php?rest_route=\/wp\/v2\/pages\/49\/revisions\/1292"}],"wp:attachment":[{"href":"https:\/\/skak-dm.dk\/2022\/index.php?rest_route=%2Fwp%2Fv2%2Fmedia&parent=49"}],"curies":[{"name":"wp","href":"https:\/\/api.w.org\/{rel}","templated":true}]}}