{"id":320,"date":"2026-03-23T12:00:45","date_gmt":"2026-03-23T11:00:45","guid":{"rendered":"https:\/\/skak-dm.dk\/2026\/?page_id=320"},"modified":"2026-03-23T12:00:46","modified_gmt":"2026-03-23T11:00:46","slug":"live","status":"publish","type":"page","link":"https:\/\/skak-dm.dk\/2026\/live\/","title":{"rendered":"Live"},"content":{"rendered":"\n<p>Alle livepartier vil ogs\u00e5 kunne gennemspilles via <a href=\"https:\/\/turnering.skak.dk\/TournamentActive\/Details?tourId=30083\" target=\"_blank\" rel=\"noreferrer noopener\">DSUs turneringssystem<\/a>.<br>Dette g\u00e6lder dog ikke P\u00e5skelyn (foreg\u00e5r fredag aften)<\/p>\n\n<p><strong>Kommentering af Landsholdsklassen med IM Rasmus Skytte<\/strong><br><a href=\"https:\/\/www.twitch.tv\/danskskakunion?lang=da\">Twitch<\/a> &#8211; <a href=\"https:\/\/www.youtube.com\/channel\/UCf-MK6c8at5eiENKHCOUVaA\">Youtube<\/a><\/p>\n\n<p><strong>Landsholdsklassen:<\/strong><br><a href=\"https:\/\/lichess.org\/broadcast\/danish-championship-2026-landsholdsklassen\/1goaToXP\">Live<\/a><\/p>\n\n<p><strong>G5-1:<\/strong><br><a href=\"https:\/\/lichess.org\/broadcast\/danish-championship-2026-g5-1\/ICGg5D2L\">Live<\/a><\/p>\n\n<p><strong>Kort P\u00e5ske 1:<\/strong><br><a href=\"https:\/\/lichess.org\/broadcast\/danish-championship-2026-kort-paske-1\/wRtwxxli\">Live<\/a><\/p>\n","protected":false},"excerpt":{"rendered":"<p>Alle livepartier vil ogs\u00e5 kunne gennemspilles via DSUs turneringssystem.Dette g\u00e6lder dog ikke P\u00e5skelyn (foreg\u00e5r fredag aften) Kommentering af Landsholdsklassen med IM Rasmus SkytteTwitch &#8211; Youtube Landsholdsklassen:Live G5-1:Live Kort P\u00e5ske 1:Live<\/p>\n","protected":false},"author":5,"featured_media":0,"parent":0,"menu_order":0,"comment_status":"closed","ping_status":"closed","template":"","meta":{"footnotes":""},"class_list":["post-320","page","type-page","status-publish","hentry"],"_links":{"self":[{"href":"https:\/\/skak-dm.dk\/2026\/wp-json\/wp\/v2\/pages\/320","targetHints":{"allow":["GET"]}}],"collection":[{"href":"https:\/\/skak-dm.dk\/2026\/wp-json\/wp\/v2\/pages"}],"about":[{"href":"https:\/\/skak-dm.dk\/2026\/wp-json\/wp\/v2\/types\/page"}],"author":[{"embeddable":true,"href":"https:\/\/skak-dm.dk\/2026\/wp-json\/wp\/v2\/users\/5"}],"replies":[{"embeddable":true,"href":"https:\/\/skak-dm.dk\/2026\/wp-json\/wp\/v2\/comments?post=320"}],"version-history":[{"count":1,"href":"https:\/\/skak-dm.dk\/2026\/wp-json\/wp\/v2\/pages\/320\/revisions"}],"predecessor-version":[{"id":321,"href":"https:\/\/skak-dm.dk\/2026\/wp-json\/wp\/v2\/pages\/320\/revisions\/321"}],"wp:attachment":[{"href":"https:\/\/skak-dm.dk\/2026\/wp-json\/wp\/v2\/media?parent=320"}],"curies":[{"name":"wp","href":"https:\/\/api.w.org\/{rel}","templated":true}]}}